 = 4 - 21. Let f = -20 - n. Let v(k) = 45*k**2 - 3*k - 5. Is v(f) a composite number?
False
Let q be ((-12)/10)/((-14)/35). Suppose 0 = -q*g - 24 + 3321. Is g composite?
True
Let y be (-15 - 3)/((-2)/(-64)). Let a = 1050 + y. Is (-2)/8 - a/(-8) prime?
True
Let f(q) = -q**3 + 6*q**2 + 11*q - 9. Let u be f(7). Let w = u - 10. Let r(j) = 7*j - 4. Is r(w) a prime number?
True
Let q be (9/(-6) + 1)*-26. Let r = q - -190. Is r a prime number?
False
Let q(w) = 13*w**2 - 12*w + 1. Is q(16) a prime number?
True
Is 225105/20 - (-2)/(-8) - 0 prime?
False
Let z = 6362 - -2327. Is z prime?
True
Suppose 21*f = 151885 + 2864. Is f a composite number?
False
Let z(k) = k**2 + k - 4. Let s be z(2). Let t(b) = b + 2. Let n be t(s). Suppose -2*u + u + 69 = -n*q, -253 = -5*u - 3*q. Is u prime?
True
Let g(n) = n**3 + 7*n**2 + 2*n + 14. Let d be g(-8). Let q(m) = 25*m**2 + 4*m - 3. Let j be q(2). Let s = d + j. Is s a composite number?
True
Let w(p) = -6*p**3 + 7*p**2 - 16*p - 2. Is w(-6) a composite number?
True
Suppose 0 = j - 0 - 22. Let t be 315/99 + (-4)/j. Suppose -602 = -2*q - t*f, -f - 622 = -2*q + f. Is q a prime number?
True
Let i = 2472 + -1565. Is i composite?
False
Let i = 4187 + -1798. Is i a prime number?
True
Suppose f + 13075 = -5*d + 40671, 5*d - 4*f - 27591 = 0. Is d a prime number?
True
Suppose 3*y = -y - c + 2, -y - 4*c = -8. Suppose 5*p = -2*k + 4281 + 871, -5*p - 10 = y. Is k prime?
False
Suppose -2*x - 4*v = -2, 0 = -4*x + 3*x - 3*v + 1. Let d be (0 - -4)*(1 + x). Suppose 0 = 11*h - d*h - 957. Is h a composite number?
True
Suppose -6*u = 19 + 5. Is u/(20/(-9507)) - 4/10 composite?
False
Let y = 1 + -2. Let q be (-16)/20*5/y. Is q/(-2)*(-254)/4 prime?
True
Suppose v - 3213 = 6*u - 4*u, 3*u - 3 = 0. Is v a composite number?
True
Suppose -5*x = 3*t - 7, -3*t = -0*t + x - 11. Suppose 1 = t*z - 5*p, -2*p = 3*z - 6*z + 6. Is z a composite number?
True
Suppose 3*c - 29050 = 4265. Is c prime?
False
Is -4 + (-48608)/(-4) + 1 prime?
True
Suppose -5*k - 6387 - 185 = r, -2*r = -k - 1321. Let a = 2213 + k. Is a a prime number?
False
Let q(c) = 3 - 5 + 4 - 125*c. Suppose -2*w - w - 5*k - 13 = 0, -3*w - 4*k = 11. Is q(w) composite?
False
Suppose k + 1 = 0, -2*c - k = k + 2588. Let h = -679 - c. Is (6/(-2))/((-6)/h) prime?
True
Let v(g) = -7*g + 2. Suppose 0 = -y - 0*y - 180. Let s be y/24*2/3. Is v(s) a composite number?
False
Let w(b) = 774*b**3 + 2*b**2 - 1. Let t be w(1). Suppose 4*g - 620 = h, 5*g = -h - 0*h + t. Is g composite?
True
Let l(w) be the third derivative of -w**6/120 + w**5/20 + 7*w**4/8 - 2*w**3/3 + 6*w**2. Is l(-9) a composite number?
True
Suppose -9 = -2*p - d, 0 = -2*p - 6*d + d + 21. Suppose p*g + 0*g = -3*z + 11373, 0 = -g + z + 3783. Is g a prime number?
False
Suppose 4*s + 4*y - 15723 - 11477 = 0, 0 = -3*s + 3*y + 20418. Is s prime?
True
Let z(n) = 3*n**3 + 5*n**2 - 2*n + 4. Suppose -9 = -2*y + 1. Let p be z(y). Suppose -594 = -5*f - 3*j + p, -2*j = -3*f + 649. Is f prime?
False
Let c(z) = -319*z**3 - z**2 - 1. Let p(f) = f**3 + 9*f**2 + 2*f + 17. Let d be p(-9). Is c(d) a prime number?
True
Let z be ((-3)/(-9))/(1/(-9)). Let r be 6/5*(-100)/z. Is r/(-15)*66/(-8) composite?
True
Suppose 10 = 2*h - 3*s, 2*h - s - 10 = -0*s. Suppose -h*a = p - 423, -a - 3*a - 2*p + 336 = 0. Is a composite?
True
Let g(f) = -106*f - 2. Let p be g(-4). Suppose p = 2*l - 4*w, 4*w = 4*l + w - 844. Is l prime?
True
Let p = -19 - -23. Suppose 6199 = -p*k + 23211. Is k a composite number?
False
Let p be ((-4)/3)/((-12)/18) + 0. Suppose p*l + 5*s = 6*l - 754, s + 571 = 3*l. Is l a prime number?
True
Let t = 70 - -621. Is t prime?
True
Suppose 4*c - 3 - 1 = 0, 5*c = -5*d + 25. Let l be ((-6)/d)/((-9)/4836). Suppose 0 = 2*p + p + 3*r - 486, r - l = -5*p. Is p a composite number?
True
Suppose 2*z - 4*h - 29 = 45, 5*z + h = 163. Let u = -23 + z. Suppose -u*k + 399 = -7*k. Is k a prime number?
False
Suppose 5*o - 726 - 6679 = 0. Is o prime?
True
Suppose -66793 = -12*x + 8399. Suppose -7024 - x = -10*d. Is d a prime number?
False
Let y(h) = h**3 - h**2 + 13. Let k be y(0). Let s = -10 + k. Suppose -v + 317 = -0*v - s*a, 0 = 3*v - 2*a - 923. Is v composite?
True
Let u = -24 + 23. Is u + ((-3)/3)/((-1)/4178) prime?
True
Suppose -17*h + 13*h + 12 = 0. Suppose 0 = h*j - 8*j + 4395. Is j composite?
True
Suppose 3*r - 7*r + 41424 = 0. Suppose 0 = -4*a + 7*a - r. Suppose -10*m = -6*m - a. Is m prime?
True
Suppose -a - 5*v - 6 = -4*a, 4*a = -4*v + 8. Suppose 2*r - 5*q - 2542 = -a*r, -4*q = 5*r - 3157. Is r composite?
True
Let y be 7 + -1 + -2 + 0/2. Suppose 3 = y*z - 849. Is z prime?
False
Suppose 4*a + 48 + 104 = 0. Is (12/8)/(-1)*a/3 composite?
False
Suppose -2*t + 4*o + 5482 = t, -5*t = -3*o - 9122. Suppose 4*n - t = 2*n. Is n a composite number?
False
Let a be (270/12)/(0 - 3)*-2. Suppose -a*h = -3*h - 8556. Is h composite?
True
Let o = 510 + 530. Let b = o - 361. Is b prime?
False
Let z(g) = 3*g - 25. Let r be z(12). Suppose 15*j - r*j = 444. Is j composite?
True
Let y = 1996 + 1437. Is y a composite number?
False
Let n(f) = -196*f + 13. Let r(t) = -t**3 - 8*t**2 + 2*t + 12. Let u be r(-8). Is n(u) a composite number?
False
Suppose 2*y + 9 = h, 3*y = y - 8. Let n(f) = 4*f**3 - 2*f**2 + 2*f - 1. Let v be n(h). Suppose 2*m = -v*m + 555. Is m a prime number?
False
Let q(s) = -7*s - 28. Let i be q(-5). Is (-6294)/(-3)*(0 - i/(-2)) composite?
True
Let n be (-492)/(-4)*(-2)/(-6). Let q = n - 16. Suppose -t = -6*t - q, t = -4*o + 335. Is o prime?
False
Suppose 0 = 3*s - 4*a + 14, -2*s - 2*a + 5*a - 11 = 0. Let m(n) = 5*n**2 + 1. Is m(s) composite?
True
Let w(j) = j**3 + 70*j**2 - 31*j - 204. Is w(-70) a composite number?
True
Suppose 0 = 38*i - 1216016 - 866346. Is i a composite number?
False
Let x(b) = 13*b - 5. Let k(i) = -26*i + 9. Let r(h) = h**2 + 10*h + 12. Let l be r(-8). Let j(y) = l*k(y) - 9*x(y). Is j(-6) composite?
True
Suppose -a - 3 = -2*a. Suppose -7*d = -a*d + 4*j - 2788, -5*d = 3*j - 3493. Is d a prime number?
True
Let o(b) = -b**3 + 5*b**2 - 2*b + 3. Let k be o(4). Let i = 14 - k. Suppose 0 = -i*n + 228 + 99. Is n composite?
False
Let a(y) = 12*y - 7. Let i be ((-8)/10)/((-8)/20). Suppose i*l - 7 = 3. Is a(l) a composite number?
False
Let t(n) = -5*n**2 - 9*n - 13. Let h be t(-5). Let l = h - -254. Is l prime?
False
Let k = -52 + 53. Is 965 + (2/(-6))/(k/(-6)) composite?
False
Suppose u = -2*m - 15, -4*m = m - 4*u + 18. Is 1922/3 - 2/m a prime number?
True
Suppose -9 = 3*l + 6*l. Let a = 11 + -15. Is (-67)/l - a/2 a composite number?
True
Let r(w) be the first derivative of 536*w**3/3 - 3*w**2/2 - 2*w + 18. Is r(3) a composite number?
False
Suppose -6*q + q - 15 = 0. Let r(w) = 4*w - 3 - w**2 - 5*w**3 - 4 + 3 + 3. Is r(q) a prime number?
True
Suppose -73 - 27 = -5*b. Suppose -3*a + j + 85 = -6*a, b = 4*j. Let c = -9 - a. Is c composite?
True
Suppose 105*u - 102*u - 28136 = -t, -4*u - 3*t + 37513 = 0. Is u a composite number?
True
Suppose -3*d - 12 = -6*d. Suppose d*g + 0*g = -16. Let m(l) = -12*l - 5. Is m(g) composite?
False
Let v(g) = 2*g**2 - 2*g - 1. Let l be v(2). Suppose m = -l*m. Suppose 8*a - 711 + 239 = m. Is a composite?
False
Suppose -3*x = -2*i + 5*i - 12, -8 = -3*i - x. Suppose 2807 = 2*f + 3*d, i*d - 4*d = f - 1405. Is f prime?
True
Let b = 321 - 481. Let r = b - -275. Suppose -1420 = -5*z + r. Is z prime?
True
Is (-436)/1526 + 499837/7 prime?
False
Let a be 1072 + 52/91 + 6/14. Let n = -2320 - -4066. Let j = n - a. Is j a prime number?
True
Suppose -4*u = -3*v - 18875, -2*v - 8895 = -3*u + 5262. Is u composite?
False
Let g(x) be the first derivative of x**4/4 + 11*x**3/3 - 5*x**2/2 + 13*x + 10. Is g(-10) a composite number?
False
Suppose -40546 = -3*b - 5*h, 8*b - 4*b - 3*h = 54071. Is b a composite number?
True
Let w(l) = -l + 787. Let x = -68 - -68. Is w(x) composite?
False
Suppose -r + 1370 = -3*o, 5*r - 3962 = 5*o + 2938. Is r a prime number?
False
Let r be -3 + 2 + (-1 - 2). Let c be -3*(4/6)/(-4 - -2). Is 308 - c/r*-4 a prime number?
True
Suppose 0 = -5*t - 5*t - 150. Is (1/1)/(t/(-2865)) a prime number?
True
Is (-288)/(-288) + (12899 - (-2)/(-2)) a prime number?
True
Let m be -129*-2*4/8. Let g be 12/(-4)*1 + m. Is 3*g - (-3 + 2) composite?
False
Is (-1574 + (5 - -2))/(1/(-19)) a prime number?
False
Suppose -y + 14 = -32. Let l = 268